{"id":10026,"date":"2023-01-13T07:42:49","date_gmt":"2023-01-13T07:42:49","guid":{"rendered":"https:\/\/manjobs.ch\/arbeitgeber\/fritz-glaus-co-ag\/"},"modified":"2023-01-18T13:33:19","modified_gmt":"2023-01-18T13:33:19","slug":"fritz-glaus-co-ag","status":"publish","type":"employer","link":"https:\/\/manjobs.ch\/fr\/arbeitgeber\/fritz-glaus-co-ag\/","title":{"rendered":"Fritz Glaus &amp; Co. AG"},"content":{"rendered":"<p>Die <strong>Fritz Glaus &amp; Co. AG<\/strong> ist ein Familienunternehmen mit einer \u00fcber 100-j\u00e4hrigen Tradition, welches als offizieller Partner der MAN Truck &amp; Bus Schweiz AG und der Firma Boschung AG f\u00fcr den Unterhalt und Service an leichten, mittelschweren und schweren Nutzfahrzeugen sowie an Boschung Kommunalfahrzeugen zust\u00e4ndig ist. Mit unserer Fahrzeugbauabteilung sind wir Mitglied im VSCI und in den Bereichen Fahrzeugbau, Schlosserei und Aufbautechnik t\u00e4tig. Mit unseren bew\u00e4hrten, qualitativ hochstehenden Produkten und Dienstleistungen sind wir ein verl\u00e4sslicher Partner f\u00fcr unsere Mitarbeiter, Kunden, Lieferanten und Partner.<\/p>\n","protected":false},"featured_media":10212,"comment_status":"closed","ping_status":"closed","template":"","employer_category":[],"employer_location":[216],"class_list":["post-10026","employer","type-employer","status-publish","has-post-thumbnail","hentry","employer_location-schoenenwerd"],"yoast_head":"<!-- This site is optimized with the Yoast SEO plugin v23.3 - https:\/\/yoast.com\/wordpress\/plugins\/seo\/ -->\n<title>Fritz Glaus &amp; Co. AG - Employeur | MAN Jobs<\/title>\n<meta name=\"robots\" content=\"index, follow, max-snippet:-1, max-image-preview:large, max-video-preview:-1\" \/>\n<link rel=\"canonical\" href=\"https:\/\/manjobs.ch\/fr\/arbeitgeber\/fritz-glaus-co-ag\/\" \/>\n<meta property=\"og:locale\" content=\"fr_FR\" \/>\n<meta property=\"og:type\" content=\"article\" \/>\n<meta property=\"og:title\" content=\"Fritz Glaus &amp; Co. AG - Employeur | MAN Jobs\" \/>\n<meta property=\"og:description\" content=\"Die Fritz Glaus &amp; Co. AG ist ein Familienunternehmen mit einer \u00fcber 100-j\u00e4hrigen Tradition, welches als offizieller Partner der MAN Truck &amp; Bus Schweiz AG und der Firma Boschung AG f\u00fcr den Unterhalt und Service an leichten, mittelschweren und schweren Nutzfahrzeugen sowie an Boschung Kommunalfahrzeugen zust\u00e4ndig ist. Mit unserer Fahrzeugbauabteilung sind wir Mitglied im VSCI [&hellip;]\" \/>\n<meta property=\"og:url\" content=\"https:\/\/manjobs.ch\/fr\/arbeitgeber\/fritz-glaus-co-ag\/\" \/>\n<meta property=\"og:site_name\" content=\"MAN Jobs\" \/>\n<meta property=\"article:publisher\" content=\"https:\/\/www.facebook.com\/mantruckandbusschweiz\/\" \/>\n<meta property=\"article:modified_time\" content=\"2023-01-18T13:33:19+00:00\" \/>\n<meta property=\"og:image\" content=\"https:\/\/manjobs.ch\/wp-content\/uploads\/2023\/01\/100-Jahre-mit-Jahreszahl_quadratisch.jpg\" \/>\n\t<meta property=\"og:image:width\" content=\"2125\" \/>\n\t<meta property=\"og:image:height\" content=\"1730\" \/>\n\t<meta property=\"og:image:type\" content=\"image\/jpeg\" \/>\n<meta name=\"twitter:card\" content=\"summary_large_image\" \/>\n<meta name=\"twitter:label1\" content=\"Dur\u00e9e de lecture estim\u00e9e\" \/>\n\t<meta name=\"twitter:data1\" content=\"1 minute\" \/>\n<script type=\"application\/ld+json\" class=\"yoast-schema-graph\">{\"@context\":\"https:\/\/schema.org\",\"@graph\":[{\"@type\":\"WebPage\",\"@id\":\"https:\/\/manjobs.ch\/fr\/arbeitgeber\/fritz-glaus-co-ag\/\",\"url\":\"https:\/\/manjobs.ch\/fr\/arbeitgeber\/fritz-glaus-co-ag\/\",\"name\":\"Fritz Glaus &amp; Co. AG - Employeur | MAN Jobs\",\"isPartOf\":{\"@id\":\"https:\/\/manjobs.ch\/fr\/#website\"},\"primaryImageOfPage\":{\"@id\":\"https:\/\/manjobs.ch\/fr\/arbeitgeber\/fritz-glaus-co-ag\/#primaryimage\"},\"image\":{\"@id\":\"https:\/\/manjobs.ch\/fr\/arbeitgeber\/fritz-glaus-co-ag\/#primaryimage\"},\"thumbnailUrl\":\"https:\/\/manjobs.ch\/wp-content\/uploads\/2023\/01\/100-Jahre-mit-Jahreszahl_quadratisch.jpg\",\"datePublished\":\"2023-01-13T07:42:49+00:00\",\"dateModified\":\"2023-01-18T13:33:19+00:00\",\"breadcrumb\":{\"@id\":\"https:\/\/manjobs.ch\/fr\/arbeitgeber\/fritz-glaus-co-ag\/#breadcrumb\"},\"inLanguage\":\"fr-FR\",\"potentialAction\":[{\"@type\":\"ReadAction\",\"target\":[\"https:\/\/manjobs.ch\/fr\/arbeitgeber\/fritz-glaus-co-ag\/\"]}]},{\"@type\":\"ImageObject\",\"inLanguage\":\"fr-FR\",\"@id\":\"https:\/\/manjobs.ch\/fr\/arbeitgeber\/fritz-glaus-co-ag\/#primaryimage\",\"url\":\"https:\/\/manjobs.ch\/wp-content\/uploads\/2023\/01\/100-Jahre-mit-Jahreszahl_quadratisch.jpg\",\"contentUrl\":\"https:\/\/manjobs.ch\/wp-content\/uploads\/2023\/01\/100-Jahre-mit-Jahreszahl_quadratisch.jpg\",\"width\":2125,\"height\":1730},{\"@type\":\"BreadcrumbList\",\"@id\":\"https:\/\/manjobs.ch\/fr\/arbeitgeber\/fritz-glaus-co-ag\/#breadcrumb\",\"itemListElement\":[{\"@type\":\"ListItem\",\"position\":1,\"name\":\"Page d'accueil\",\"item\":\"https:\/\/manjobs.ch\/fr\/\"},{\"@type\":\"ListItem\",\"position\":2,\"name\":\"Employers\",\"item\":\"https:\/\/manjobs.ch\/fr\/employeur\/\"},{\"@type\":\"ListItem\",\"position\":3,\"name\":\"Fritz Glaus &amp; Co. AG\"}]},{\"@type\":\"WebSite\",\"@id\":\"https:\/\/manjobs.ch\/fr\/#website\",\"url\":\"https:\/\/manjobs.ch\/fr\/\",\"name\":\"MAN Jobs\",\"description\":\"Des pros travaillent pour des pros.\",\"publisher\":{\"@id\":\"https:\/\/manjobs.ch\/fr\/#organization\"},\"potentialAction\":[{\"@type\":\"SearchAction\",\"target\":{\"@type\":\"EntryPoint\",\"urlTemplate\":\"https:\/\/manjobs.ch\/fr\/?s={search_term_string}\"},\"query-input\":\"required name=search_term_string\"}],\"inLanguage\":\"fr-FR\"},{\"@type\":\"Organization\",\"@id\":\"https:\/\/manjobs.ch\/fr\/#organization\",\"name\":\"MAN Jobs\",\"url\":\"https:\/\/manjobs.ch\/fr\/\",\"logo\":{\"@type\":\"ImageObject\",\"inLanguage\":\"fr-FR\",\"@id\":\"https:\/\/manjobs.ch\/fr\/#\/schema\/logo\/image\/\",\"url\":\"https:\/\/manjobs.ch\/wp-content\/uploads\/2022\/11\/csm_019_man_auf_einen_blick_800x544_sidephoto_1_99b81d867e.webp\",\"contentUrl\":\"https:\/\/manjobs.ch\/wp-content\/uploads\/2022\/11\/csm_019_man_auf_einen_blick_800x544_sidephoto_1_99b81d867e.webp\",\"width\":1280,\"height\":853,\"caption\":\"MAN Jobs\"},\"image\":{\"@id\":\"https:\/\/manjobs.ch\/fr\/#\/schema\/logo\/image\/\"},\"sameAs\":[\"https:\/\/www.facebook.com\/mantruckandbusschweiz\/\",\"https:\/\/www.youtube.com\/@mantruckandbusschweiz\",\"https:\/\/www.instagram.com\/mantruckandbus_schweiz\/\"]}]}<\/script>\n<!-- \/ Yoast SEO plugin. -->","yoast_head_json":{"title":"Fritz Glaus &amp; Co. AG - Employeur | MAN Jobs","robots":{"index":"index","follow":"follow","max-snippet":"max-snippet:-1","max-image-preview":"max-image-preview:large","max-video-preview":"max-video-preview:-1"},"canonical":"https:\/\/manjobs.ch\/fr\/arbeitgeber\/fritz-glaus-co-ag\/","og_locale":"fr_FR","og_type":"article","og_title":"Fritz Glaus &amp; Co. AG - Employeur | MAN Jobs","og_description":"Die Fritz Glaus &amp; Co. AG ist ein Familienunternehmen mit einer \u00fcber 100-j\u00e4hrigen Tradition, welches als offizieller Partner der MAN Truck &amp; Bus Schweiz AG und der Firma Boschung AG f\u00fcr den Unterhalt und Service an leichten, mittelschweren und schweren Nutzfahrzeugen sowie an Boschung Kommunalfahrzeugen zust\u00e4ndig ist. Mit unserer Fahrzeugbauabteilung sind wir Mitglied im VSCI [&hellip;]","og_url":"https:\/\/manjobs.ch\/fr\/arbeitgeber\/fritz-glaus-co-ag\/","og_site_name":"MAN Jobs","article_publisher":"https:\/\/www.facebook.com\/mantruckandbusschweiz\/","article_modified_time":"2023-01-18T13:33:19+00:00","og_image":[{"width":2125,"height":1730,"url":"https:\/\/manjobs.ch\/wp-content\/uploads\/2023\/01\/100-Jahre-mit-Jahreszahl_quadratisch.jpg","type":"image\/jpeg"}],"twitter_card":"summary_large_image","twitter_misc":{"Dur\u00e9e de lecture estim\u00e9e":"1 minute"},"schema":{"@context":"https:\/\/schema.org","@graph":[{"@type":"WebPage","@id":"https:\/\/manjobs.ch\/fr\/arbeitgeber\/fritz-glaus-co-ag\/","url":"https:\/\/manjobs.ch\/fr\/arbeitgeber\/fritz-glaus-co-ag\/","name":"Fritz Glaus &amp; Co. AG - Employeur | MAN Jobs","isPartOf":{"@id":"https:\/\/manjobs.ch\/fr\/#website"},"primaryImageOfPage":{"@id":"https:\/\/manjobs.ch\/fr\/arbeitgeber\/fritz-glaus-co-ag\/#primaryimage"},"image":{"@id":"https:\/\/manjobs.ch\/fr\/arbeitgeber\/fritz-glaus-co-ag\/#primaryimage"},"thumbnailUrl":"https:\/\/manjobs.ch\/wp-content\/uploads\/2023\/01\/100-Jahre-mit-Jahreszahl_quadratisch.jpg","datePublished":"2023-01-13T07:42:49+00:00","dateModified":"2023-01-18T13:33:19+00:00","breadcrumb":{"@id":"https:\/\/manjobs.ch\/fr\/arbeitgeber\/fritz-glaus-co-ag\/#breadcrumb"},"inLanguage":"fr-FR","potentialAction":[{"@type":"ReadAction","target":["https:\/\/manjobs.ch\/fr\/arbeitgeber\/fritz-glaus-co-ag\/"]}]},{"@type":"ImageObject","inLanguage":"fr-FR","@id":"https:\/\/manjobs.ch\/fr\/arbeitgeber\/fritz-glaus-co-ag\/#primaryimage","url":"https:\/\/manjobs.ch\/wp-content\/uploads\/2023\/01\/100-Jahre-mit-Jahreszahl_quadratisch.jpg","contentUrl":"https:\/\/manjobs.ch\/wp-content\/uploads\/2023\/01\/100-Jahre-mit-Jahreszahl_quadratisch.jpg","width":2125,"height":1730},{"@type":"BreadcrumbList","@id":"https:\/\/manjobs.ch\/fr\/arbeitgeber\/fritz-glaus-co-ag\/#breadcrumb","itemListElement":[{"@type":"ListItem","position":1,"name":"Page d'accueil","item":"https:\/\/manjobs.ch\/fr\/"},{"@type":"ListItem","position":2,"name":"Employers","item":"https:\/\/manjobs.ch\/fr\/employeur\/"},{"@type":"ListItem","position":3,"name":"Fritz Glaus &amp; Co. AG"}]},{"@type":"WebSite","@id":"https:\/\/manjobs.ch\/fr\/#website","url":"https:\/\/manjobs.ch\/fr\/","name":"MAN Jobs","description":"Des pros travaillent pour des pros.","publisher":{"@id":"https:\/\/manjobs.ch\/fr\/#organization"},"potentialAction":[{"@type":"SearchAction","target":{"@type":"EntryPoint","urlTemplate":"https:\/\/manjobs.ch\/fr\/?s={search_term_string}"},"query-input":"required name=search_term_string"}],"inLanguage":"fr-FR"},{"@type":"Organization","@id":"https:\/\/manjobs.ch\/fr\/#organization","name":"MAN Jobs","url":"https:\/\/manjobs.ch\/fr\/","logo":{"@type":"ImageObject","inLanguage":"fr-FR","@id":"https:\/\/manjobs.ch\/fr\/#\/schema\/logo\/image\/","url":"https:\/\/manjobs.ch\/wp-content\/uploads\/2022\/11\/csm_019_man_auf_einen_blick_800x544_sidephoto_1_99b81d867e.webp","contentUrl":"https:\/\/manjobs.ch\/wp-content\/uploads\/2022\/11\/csm_019_man_auf_einen_blick_800x544_sidephoto_1_99b81d867e.webp","width":1280,"height":853,"caption":"MAN Jobs"},"image":{"@id":"https:\/\/manjobs.ch\/fr\/#\/schema\/logo\/image\/"},"sameAs":["https:\/\/www.facebook.com\/mantruckandbusschweiz\/","https:\/\/www.youtube.com\/@mantruckandbusschweiz","https:\/\/www.instagram.com\/mantruckandbus_schweiz\/"]}]}},"metas":{"_employer_email":"h.p.glaus@glaus.ch","_employer_phone":"+41628586878","_employer_socials":[{"network":"facebook","url":"https:\/\/www.facebook.com\/glausag\/"},{"network":"instagram","url":"https:\/\/www.instagram.com\/glaus_ag\/"},{"network":"youtube","url":"https:\/\/www.youtube.com\/user\/100eltiopepe?app=desktop&cbrd=1"},{"network":"tiktok","url":"https:\/\/www.tiktok.com\/@glaus_ag"}],"_employer_profile_photos":{"10169":"https:\/\/manjobs.ch\/wp-content\/uploads\/wp-job-board-pro-uploads\/_employer_profile_photos\/2023\/01\/Glaus-AG-MAN.png","10228":"https:\/\/manjobs.ch\/wp-content\/uploads\/wp-job-board-pro-uploads\/_employer_profile_photos\/2023\/01\/2.png","10238":"https:\/\/manjobs.ch\/wp-content\/uploads\/wp-job-board-pro-uploads\/_employer_profile_photos\/2023\/01\/Kart-1.png","10244":"https:\/\/manjobs.ch\/wp-content\/uploads\/wp-job-board-pro-uploads\/_employer_profile_photos\/2023\/01\/Halle-1-2.png","10246":"https:\/\/manjobs.ch\/wp-content\/uploads\/wp-job-board-pro-uploads\/_employer_profile_photos\/2023\/01\/Kranbahn-2.png"},"_employer_cover_photo":"https:\/\/manjobs.ch\/wp-content\/uploads\/wp-job-board-pro-uploads\/_employer_cover_photo\/2023\/01\/gelb-6.png","_employer_video_url":"https:\/\/www.youtube.com\/watch?v=tNFE9MP9o9c","_employer_location":{"216":"Sch\u00f6nenwerd"},"_employer_map_location":{"address":"Grundstrasse 36, 5012 Sch\u00f6nenwerd, Schweiz","latitude":"47.3793788","longitude":"8.0139392"},"_employer_logo":"https:\/\/manjobs.ch\/wp-content\/uploads\/2023\/01\/100-Jahre-mit-Jahreszahl_quadratisch-150x150.jpg"},"_links":{"self":[{"href":"https:\/\/manjobs.ch\/fr\/wp-json\/wp\/v2\/employer\/10026"}],"collection":[{"href":"https:\/\/manjobs.ch\/fr\/wp-json\/wp\/v2\/employer"}],"about":[{"href":"https:\/\/manjobs.ch\/fr\/wp-json\/wp\/v2\/types\/employer"}],"replies":[{"embeddable":true,"href":"https:\/\/manjobs.ch\/fr\/wp-json\/wp\/v2\/comments?post=10026"}],"wp:featuredmedia":[{"embeddable":true,"href":"https:\/\/manjobs.ch\/fr\/wp-json\/wp\/v2\/media\/10212"}],"wp:attachment":[{"href":"https:\/\/manjobs.ch\/fr\/wp-json\/wp\/v2\/media?parent=10026"}],"wp:term":[{"taxonomy":"employer_category","embeddable":true,"href":"https:\/\/manjobs.ch\/fr\/wp-json\/wp\/v2\/employer_category?post=10026"},{"taxonomy":"employer_location","embeddable":true,"href":"https:\/\/manjobs.ch\/fr\/wp-json\/wp\/v2\/employer_location?post=10026"}],"curies":[{"name":"wp","href":"https:\/\/api.w.org\/{rel}","templated":true}]}}

<p>Die <strong>Fritz Glaus &amp; Co. AG</strong> ist ein Familienunternehmen mit einer über 100-jährigen Tradition, welches als offizieller Partner der MAN Truck &amp; Bus Schweiz AG und der Firma Boschung AG für den Unterhalt und Service an leichten, mittelschweren und schweren Nutzfahrzeugen sowie an Boschung Kommunalfahrzeugen zuständig ist. Mit unserer Fahrzeugbauabteilung sind wir Mitglied im VSCI und in den Bereichen Fahrzeugbau, Schlosserei und Aufbautechnik tätig. Mit unseren bewährten, qualitativ hochstehenden Produkten und Dienstleistungen sind wir ein verlässlicher Partner für unsere Mitarbeiter, Kunden, Lieferanten und Partner.</p>

<!-- This site is optimized with the Yoast SEO plugin v23.3 - https://yoast.com/wordpress/plugins/seo/ -->
<title>Fritz Glaus &amp; Co. AG - Employeur | MAN Jobs</title>
<meta name="robots" content="index, follow, max-snippet:-1, max-image-preview:large, max-video-preview:-1" />
<link rel="canonical" href="https://manjobs.ch/fr/arbeitgeber/fritz-glaus-co-ag/" />
<meta property="og:locale" content="fr_FR" />
<meta property="og:type" content="article" />
<meta property="og:title" content="Fritz Glaus &amp; Co. AG - Employeur | MAN Jobs" />
<meta property="og:description" content="Die Fritz Glaus &amp; Co. AG ist ein Familienunternehmen mit einer über 100-jährigen Tradition, welches als offizieller Partner der MAN Truck &amp; Bus Schweiz AG und der Firma Boschung AG für den Unterhalt und Service an leichten, mittelschweren und schweren Nutzfahrzeugen sowie an Boschung Kommunalfahrzeugen zuständig ist. Mit unserer Fahrzeugbauabteilung sind wir Mitglied im VSCI [&hellip;]" />
<meta property="og:url" content="https://manjobs.ch/fr/arbeitgeber/fritz-glaus-co-ag/" />
<meta property="og:site_name" content="MAN Jobs" />
<meta property="article:publisher" content="https://www.facebook.com/mantruckandbusschweiz/" />
<meta property="article:modified_time" content="2023-01-18T13:33:19+00:00" />
<meta property="og:image" content="https://manjobs.ch/wp-content/uploads/2023/01/100-Jahre-mit-Jahreszahl_quadratisch.jpg" />
	<meta property="og:image:width" content="2125" />
	<meta property="og:image:height" content="1730" />
	<meta property="og:image:type" content="image/jpeg" />
<meta name="twitter:card" content="summary_large_image" />
<meta name="twitter:label1" content="Durée de lecture estimée" />
	<meta name="twitter:data1" content="1 minute" />
<script type="application/ld+json" class="yoast-schema-graph">{"@context":"https://schema.org","@graph":[{"@type":"WebPage","@id":"https://manjobs.ch/fr/arbeitgeber/fritz-glaus-co-ag/","url":"https://manjobs.ch/fr/arbeitgeber/fritz-glaus-co-ag/","name":"Fritz Glaus &amp; Co. AG - Employeur | MAN Jobs","isPartOf":{"@id":"https://manjobs.ch/fr/#website"},"primaryImageOfPage":{"@id":"https://manjobs.ch/fr/arbeitgeber/fritz-glaus-co-ag/#primaryimage"},"image":{"@id":"https://manjobs.ch/fr/arbeitgeber/fritz-glaus-co-ag/#primaryimage"},"thumbnailUrl":"https://manjobs.ch/wp-content/uploads/2023/01/100-Jahre-mit-Jahreszahl_quadratisch.jpg","datePublished":"2023-01-13T07:42:49+00:00","dateModified":"2023-01-18T13:33:19+00:00","breadcrumb":{"@id":"https://manjobs.ch/fr/arbeitgeber/fritz-glaus-co-ag/#breadcrumb"},"inLanguage":"fr-FR","potentialAction":[{"@type":"ReadAction","target":["https://manjobs.ch/fr/arbeitgeber/fritz-glaus-co-ag/"]}]},{"@type":"ImageObject","inLanguage":"fr-FR","@id":"https://manjobs.ch/fr/arbeitgeber/fritz-glaus-co-ag/#primaryimage","url":"https://manjobs.ch/wp-content/uploads/2023/01/100-Jahre-mit-Jahreszahl_quadratisch.jpg","contentUrl":"https://manjobs.ch/wp-content/uploads/2023/01/100-Jahre-mit-Jahreszahl_quadratisch.jpg","width":2125,"height":1730},{"@type":"BreadcrumbList","@id":"https://manjobs.ch/fr/arbeitgeber/fritz-glaus-co-ag/#breadcrumb","itemListElement":[{"@type":"ListItem","position":1,"name":"Page d'accueil","item":"https://manjobs.ch/fr/"},{"@type":"ListItem","position":2,"name":"Employers","item":"https://manjobs.ch/fr/employeur/"},{"@type":"ListItem","position":3,"name":"Fritz Glaus &amp; Co. AG"}]},{"@type":"WebSite","@id":"https://manjobs.ch/fr/#website","url":"https://manjobs.ch/fr/","name":"MAN Jobs","description":"Des pros travaillent pour des pros.","publisher":{"@id":"https://manjobs.ch/fr/#organization"},"potentialAction":[{"@type":"SearchAction","target":{"@type":"EntryPoint","urlTemplate":"https://manjobs.ch/fr/?s={search_term_string}"},"query-input":"required name=search_term_string"}],"inLanguage":"fr-FR"},{"@type":"Organization","@id":"https://manjobs.ch/fr/#organization","name":"MAN Jobs","url":"https://manjobs.ch/fr/","logo":{"@type":"ImageObject","inLanguage":"fr-FR","@id":"https://manjobs.ch/fr/#/schema/logo/image/","url":"https://manjobs.ch/wp-content/uploads/2022/11/csm_019_man_auf_einen_blick_800x544_sidephoto_1_99b81d867e.webp","contentUrl":"https://manjobs.ch/wp-content/uploads/2022/11/csm_019_man_auf_einen_blick_800x544_sidephoto_1_99b81d867e.webp","width":1280,"height":853,"caption":"MAN Jobs"},"image":{"@id":"https://manjobs.ch/fr/#/schema/logo/image/"},"sameAs":["https://www.facebook.com/mantruckandbusschweiz/","https://www.youtube.com/@mantruckandbusschweiz","https://www.instagram.com/mantruckandbus_schweiz/"]}]}</script>
<!-- / Yoast SEO plugin. -->

Die Fritz Glaus &amp; Co. AG ist ein Familienunternehmen mit einer über 100-jährigen Tradition, welches als offizieller Partner der MAN Truck &amp; Bus Schweiz AG und der Firma Boschung AG für den Unterhalt und Service an leichten, mittelschweren und schweren Nutzfahrzeugen sowie an Boschung Kommunalfahrzeugen zuständig ist. Mit unserer Fahrzeugbauabteilung sind wir Mitglied im VSCI [&hellip;]

Schönenwerd

Grundstrasse 36, 5012 Schönenwerd, Schweiz
